{"id":128,"date":"2023-05-03T23:43:45","date_gmt":"2023-05-03T21:43:45","guid":{"rendered":"https:\/\/jakpracowacbyniezalowac.pl\/?page_id=128"},"modified":"2023-05-24T12:03:53","modified_gmt":"2023-05-24T10:03:53","slug":"rekruterka-radzi","status":"publish","type":"page","link":"https:\/\/rocketjobs.pl\/jakpracowacbyniezalowac\/rekruterka-radzi","title":{"rendered":"Rekruterka radzi"},"content":{"rendered":"<section class=\"bde-section-128-168 bde-section\">\n  \n  \n\t\n\n\n\n<div class=\"section-container\"><div class=\"bde-fancy-container-128-169 bde-fancy-container\">\n  \n  \n\t\n\n\n\n<div class=\"bde-div-128-170 bde-div\">\n  \n  \n\t\n\n\n\n<div class=\"bde-button-128-171 bde-button\">\n        \n    \n    \n    \n    \n            \n                    \n            \n            \n\n    \n    \n    \n    \n    \n    <a class=\"breakdance-link button-atom button-atom--custom bde-button__button\" href=\"https:\/\/rocketjobs.pl\/jakpracowacbyniezalowac\/\" target=\"_self\" data-type=\"url\"  >\n\n    \n        <span class=\"button-atom__text\"> <\/span>\n\n                            \n        \n                <\/a>\n\n    \n\n\n<\/div><div class=\"bde-button-128-172 bde-button\">\n        \n    \n    \n    \n    \n            \n                    \n            \n            \n\n    \n    \n    \n    \n    \n    <a class=\"breakdance-link button-atom button-atom--custom bde-button__button\" href=\"https:\/\/rocketjobs.pl\/jakpracowacbyniezalowac\/\" target=\"_self\" data-type=\"url\"  >\n\n    \n        <span class=\"button-atom__text\"> <\/span>\n\n                            \n        \n                <\/a>\n\n    \n\n\n<\/div>\n<\/div><h1 class=\"bde-heading-128-173 bde-heading\">\nRekruterka radzi\n<\/h1>\n<\/div><\/div>\n<\/section><section class=\"bde-section-128-109 bde-section\">\n  \n  \n\t\n\n\n\n<div class=\"section-container\"><div class=\"bde-div-128-376 bde-div\">\n  \n  \n\t\n\n\n\n<div class=\"bde-text-128-377 bde-text\">\nPrzesu\u0144 palcem, aby zobaczy\u0107 wi\u0119cej\n<\/div><div class=\"bde-div-128-378 bde-div\">\n  \n  \n\t\n\n\n\n<div class=\"bde-icon-128-379 bde-icon\">\n\n    \n            <div class=\"bde-icon-icon breakdance-icon-atom\" >\n    \n                    <svg xmlns=\"http:\/\/www.w3.org\/2000\/svg\" width=\"49\" height=\"22\" viewBox=\"0 0 49 22\" fill=\"none\">\n<path fill-rule=\"evenodd\" clip-rule=\"evenodd\" d=\"M23.2894 20.0427L2.5 13.7576L2.5 11.9999H49.0003V9.99987H2.5L2.5 8.24231L23.2894 1.95715L22.7106 0.0427246L0.5 6.75756V15.2423L22.7106 21.9571L23.2894 20.0427Z\" fill=\"#321027\"\/>\n<\/svg>\n        \n        \n        \n            <\/div>\n    \n\n\n<\/div><div class=\"bde-icon-128-380 bde-icon\">\n\n    \n            <div class=\"bde-icon-icon breakdance-icon-atom\" >\n    \n                    <svg xmlns=\"http:\/\/www.w3.org\/2000\/svg\" width=\"49\" height=\"22\" viewBox=\"0 0 49 22\" fill=\"none\">\n<path fill-rule=\"evenodd\" clip-rule=\"evenodd\" d=\"M25.7106 1.95739L46.5 8.24256V10L0 10V12L46.5 12V13.7578L25.7106 20.043L26.2894 21.9574L48.5 15.2426V6.7578L26.2894 0.0429688L25.7106 1.95739Z\" fill=\"#321027\"\/>\n<\/svg>\n        \n        \n        \n            <\/div>\n    \n\n\n<\/div>\n<\/div>\n<\/div><div class=\"bde-advancedslider-128-174 bde-advancedslider\">\n<div class=\"breakdance-swiper-wrapper\" data-swiper-id=\"174\">\n  <div class=\"swiper\">\n    <div class=\"swiper-wrapper\">\n      <div class=\"bde-advancedslide-128-175 bde-advancedslide swiper-slide\"><div class=\"advanced-slider__slide\">\r\n  <div class=\"bde-columns-128-176 bde-columns slider-outside\"><div class=\"bde-column-128-177 bde-column last-slider-element\">\n  \n  \n\t\n\n\n\n<div class=\"bde-fancy-container-128-178 bde-fancy-container\">\n  \n  \n\t\n\n\n\n\n<\/div><h1 class=\"bde-heading-128-179 bde-heading\">\nRzeczy, o kto\u0301re warto zapytac\u0301 na rozmowie o prac\u0119\n<\/h1>\n<\/div><div class=\"bde-column-128-181 bde-column hide-slider-element slider-mobile\">\n  \n  \n\t\n\n\n\n<div class=\"bde-fancy-container-128-182 bde-fancy-container\">\n  \n  \n\t\n\n\n\n\n<\/div><h1 class=\"bde-heading-128-183 bde-heading\">\nPrzebranz\u0307owienie \u2013 od czego zacza\u0328c\u0301?\n<\/h1>\n<\/div><div class=\"bde-column-128-185 bde-column slider-mobile\">\n  \n  \n\t\n\n\n\n<a class=\"bde-container-link-128-370 bde-container-link breakdance-link\" href=\"https:\/\/www.youtube.com\/embed\/tZ7SDk04Wp8?feature=oembed\" target=\"_self\" data-lightbox-id=\"128-185\" data-type=\"lightbox\" rel=\"noopener\">\n  \n  \n\t\n\n\n\n<div class=\"bde-fancy-container-128-186 bde-fancy-container\">\n  \n  \n\t\n\n\n\n\n<\/div>\n\n<\/a><h1 class=\"bde-heading-128-187 bde-heading\">\nPersonal Branding \u2013 dlaczego warto?\n<\/h1>\n<\/div><div class=\"bde-column-128-189 bde-column hide-slider-element slider-mobile\">\n  \n  \n\t\n\n\n\n<div class=\"bde-fancy-container-128-190 bde-fancy-container\">\n  \n  \n\t\n\n\n\n\n<\/div><h1 class=\"bde-heading-128-191 bde-heading\">\nJak si\u0119 przygotowa\u0107 do rozmowy o prac\u0119 po d\u0142u\u017cszej przerwie\n<\/h1>\n<\/div><div class=\"bde-column-128-193 bde-column last-slider-element\">\n  \n  \n\t\n\n\n\n<div class=\"bde-fancy-container-128-194 bde-fancy-container\">\n  \n  \n\t\n\n\n\n\n<\/div><h1 class=\"bde-heading-128-195 bde-heading\">\n5 argument\u00f3w do awansu\n<\/h1>\n<\/div><\/div>\r\n<\/div><\/div><div class=\"bde-advancedslide-128-285 bde-advancedslide swiper-slide\"><div class=\"advanced-slider__slide\">\r\n  <div class=\"bde-columns-128-286 bde-columns slider-outside\"><div class=\"bde-column-128-290 bde-column last-slider-element\">\n  \n  \n\t\n\n\n\n<div class=\"bde-fancy-container-128-291 bde-fancy-container\">\n  \n  \n\t\n\n\n\n\n<\/div><h1 class=\"bde-heading-128-292 bde-heading\">\nPrzebranz\u0307owienie \u2013 od czego zacza\u0328c\u0301?\n<\/h1>\n<\/div><div class=\"bde-column-128-293 bde-column hide-slider-element slider-mobile\">\n  \n  \n\t\n\n\n\n<div class=\"bde-fancy-container-128-294 bde-fancy-container\">\n  \n  \n\t\n\n\n\n\n<\/div><h1 class=\"bde-heading-128-295 bde-heading\">\nPersonal Branding \u2013 dlaczego warto?\n<\/h1>\n<\/div><div class=\"bde-column-128-296 bde-column slider-mobile\">\n  \n  \n\t\n\n\n\n<a class=\"bde-container-link-128-371 bde-container-link breakdance-link\" href=\"https:\/\/www.youtube.com\/embed\/5jOF6SeHd7o?feature=oembed\" target=\"_self\" data-lightbox-id=\"128-296\" data-type=\"lightbox\" rel=\"noopener\">\n  \n  \n\t\n\n\n\n<div class=\"bde-fancy-container-128-297 bde-fancy-container\">\n  \n  \n\t\n\n\n\n\n<\/div>\n\n<\/a><h1 class=\"bde-heading-128-298 bde-heading\">\nJak si\u0119 przygotowa\u0107 do rozmowy o prac\u0119 po d\u0142u\u017cszej przerwie\n<\/h1>\n<\/div><div class=\"bde-column-128-299 bde-column hide-slider-element slider-mobile\">\n  \n  \n\t\n\n\n\n<div class=\"bde-fancy-container-128-300 bde-fancy-container\">\n  \n  \n\t\n\n\n\n\n<\/div><h1 class=\"bde-heading-128-301 bde-heading\">\n5 argument\u00f3w do awansu\n<\/h1>\n<\/div><div class=\"bde-column-128-287 bde-column last-slider-element\">\n  \n  \n\t\n\n\n\n<div class=\"bde-fancy-container-128-288 bde-fancy-container\">\n  \n  \n\t\n\n\n\n\n<\/div><h1 class=\"bde-heading-128-289 bde-heading\">\nPytania, kto\u0301rych moz\u0307esz sie\u0328 spodziewac\u0301 podczas rekrutacji\n<\/h1>\n<\/div><\/div>\r\n<\/div><\/div><div class=\"bde-advancedslide-128-302 bde-advancedslide swiper-slide\"><div class=\"advanced-slider__slide\">\r\n  <div class=\"bde-columns-128-303 bde-columns slider-outside\"><div class=\"bde-column-128-307 bde-column slider-mobile last-slider-element\">\n  \n  \n\t\n\n\n\n<div class=\"bde-fancy-container-128-308 bde-fancy-container\">\n  \n  \n\t\n\n\n\n\n<\/div><h1 class=\"bde-heading-128-309 bde-heading\">\nPersonal Branding \u2013 dlaczego warto?\n<\/h1>\n<\/div><div class=\"bde-column-128-310 bde-column hide-slider-element slider-mobile\">\n  \n  \n\t\n\n\n\n<div class=\"bde-fancy-container-128-311 bde-fancy-container\">\n  \n  \n\t\n\n\n\n\n<\/div><h1 class=\"bde-heading-128-312 bde-heading\">\nJak si\u0119 przygotowa\u0107 do rozmowy o prac\u0119 po d\u0142u\u017cszej przerwie\n<\/h1>\n<\/div><div class=\"bde-column-128-313 bde-column slider-mobile\">\n  \n  \n\t\n\n\n\n<a class=\"bde-container-link-128-372 bde-container-link breakdance-link\" href=\"https:\/\/www.youtube.com\/embed\/cAQOjKnpRgo?feature=oembed\" target=\"_self\" data-lightbox-id=\"128-313\" data-type=\"lightbox\" rel=\"noopener\">\n  \n  \n\t\n\n\n\n<div class=\"bde-fancy-container-128-314 bde-fancy-container\">\n  \n  \n\t\n\n\n\n\n<\/div>\n\n<\/a><h1 class=\"bde-heading-128-315 bde-heading\">\n5 argument\u00f3w do awansu\n<\/h1>\n<\/div><div class=\"bde-column-128-316 bde-column hide-slider-element slider-mobile\">\n  \n  \n\t\n\n\n\n<div class=\"bde-fancy-container-128-317 bde-fancy-container\">\n  \n  \n\t\n\n\n\n\n<\/div><h1 class=\"bde-heading-128-318 bde-heading\">\nPytania, kto\u0301rych moz\u0307esz sie\u0328 spodziewac\u0301 podczas rekrutacji\n<\/h1>\n<\/div><div class=\"bde-column-128-304 bde-column last-slider-element\">\n  \n  \n\t\n\n\n\n<div class=\"bde-fancy-container-128-305 bde-fancy-container\">\n  \n  \n\t\n\n\n\n\n<\/div><h1 class=\"bde-heading-128-306 bde-heading\">\nRzeczy, o kto\u0301re warto zapytac\u0301 na rozmowie o prac\u0119\n<\/h1>\n<\/div><\/div>\r\n<\/div><\/div><div class=\"bde-advancedslide-128-319 bde-advancedslide swiper-slide\"><div class=\"advanced-slider__slide\">\r\n  <div class=\"bde-columns-128-320 bde-columns slider-outside\"><div class=\"bde-column-128-324 bde-column last-slider-element\">\n  \n  \n\t\n\n\n\n<div class=\"bde-fancy-container-128-325 bde-fancy-container\">\n  \n  \n\t\n\n\n\n\n<\/div><h1 class=\"bde-heading-128-326 bde-heading\">\nJak si\u0119 przygotowa\u0107 do rozmowy o prac\u0119 po d\u0142u\u017cszej przerwie\n<\/h1>\n<\/div><div class=\"bde-column-128-327 bde-column slider-mobile hide-slider-element\">\n  \n  \n\t\n\n\n\n<div class=\"bde-fancy-container-128-328 bde-fancy-container\">\n  \n  \n\t\n\n\n\n\n<\/div><h1 class=\"bde-heading-128-329 bde-heading\">\n5 argument\u00f3w do awansu\n<\/h1>\n<\/div><div class=\"bde-column-128-330 bde-column slider-mobile\">\n  \n  \n\t\n\n\n\n<a class=\"bde-container-link-128-373 bde-container-link breakdance-link\" href=\"https:\/\/www.youtube.com\/embed\/7J1ZM8REmPw?feature=oembed\" target=\"_self\" data-lightbox-id=\"128-330\" data-type=\"lightbox\" rel=\"noopener\">\n  \n  \n\t\n\n\n\n<div class=\"bde-fancy-container-128-331 bde-fancy-container\">\n  \n  \n\t\n\n\n\n\n<\/div>\n\n<\/a><h1 class=\"bde-heading-128-332 bde-heading\">\nPytania, kto\u0301rych moz\u0307esz sie\u0328 spodziewac\u0301 podczas rekrutacji\n<\/h1>\n<\/div><div class=\"bde-column-128-333 bde-column slider-mobile hide-slider-element\">\n  \n  \n\t\n\n\n\n<div class=\"bde-fancy-container-128-334 bde-fancy-container\">\n  \n  \n\t\n\n\n\n\n<\/div><h1 class=\"bde-heading-128-335 bde-heading\">\nRzeczy, o kto\u0301re warto zapytac\u0301 na rozmowie o prac\u0119\n<\/h1>\n<\/div><div class=\"bde-column-128-321 bde-column last-slider-element\">\n  \n  \n\t\n\n\n\n<div class=\"bde-fancy-container-128-322 bde-fancy-container\">\n  \n  \n\t\n\n\n\n\n<\/div><h1 class=\"bde-heading-128-323 bde-heading\">\nPrzebranz\u0307owienie \u2013 od czego zacza\u0328c\u0301?\n<\/h1>\n<\/div><\/div>\r\n<\/div><\/div><div class=\"bde-advancedslide-128-336 bde-advancedslide swiper-slide\"><div class=\"advanced-slider__slide\">\r\n  <div class=\"bde-columns-128-337 bde-columns slider-outside\"><div class=\"bde-column-128-341 bde-column hide-slider-element\">\n  \n  \n\t\n\n\n\n<div class=\"bde-fancy-container-128-342 bde-fancy-container\">\n  \n  \n\t\n\n\n\n\n<\/div><h1 class=\"bde-heading-128-343 bde-heading\">\n5 argument\u00f3w do awansu\n<\/h1>\n<\/div><div class=\"bde-column-128-344 bde-column slider-mobile hide-slider-element\">\n  \n  \n\t\n\n\n\n<div class=\"bde-fancy-container-128-345 bde-fancy-container\">\n  \n  \n\t\n\n\n\n\n<\/div><h1 class=\"bde-heading-128-346 bde-heading\">\nPytania, kto\u0301rych moz\u0307esz sie\u0328 spodziewac\u0301 podczas rekrutacji\n<\/h1>\n<\/div><div class=\"bde-column-128-347 bde-column slider-mobile\">\n  \n  \n\t\n\n\n\n<a class=\"bde-container-link-128-374 bde-container-link breakdance-link\" href=\"https:\/\/www.youtube.com\/embed\/980-KEoY9Mg?feature=oembed\" target=\"_self\" data-lightbox-id=\"128-347\" data-type=\"lightbox\" rel=\"noopener\">\n  \n  \n\t\n\n\n\n<div class=\"bde-fancy-container-128-348 bde-fancy-container\">\n  \n  \n\t\n\n\n\n\n<\/div>\n\n<\/a><h1 class=\"bde-heading-128-349 bde-heading\">\nRzeczy, o kto\u0301re warto zapytac\u0301 na rozmowie o prac\u0119\n<\/h1>\n<\/div><div class=\"bde-column-128-350 bde-column hide-slider-element slider-mobile\">\n  \n  \n\t\n\n\n\n<div class=\"bde-fancy-container-128-351 bde-fancy-container\">\n  \n  \n\t\n\n\n\n\n<\/div><h1 class=\"bde-heading-128-352 bde-heading\">\nPrzebranz\u0307owienie \u2013 od czego zacza\u0328c\u0301?\n<\/h1>\n<\/div><div class=\"bde-column-128-338 bde-column last-slider-element\">\n  \n  \n\t\n\n\n\n<div class=\"bde-fancy-container-128-339 bde-fancy-container\">\n  \n  \n\t\n\n\n\n\n<\/div><h1 class=\"bde-heading-128-340 bde-heading\">\nPersonal Branding \u2013 dlaczego warto?\n<\/h1>\n<\/div><\/div>\r\n<\/div><\/div><div class=\"bde-advancedslide-128-353 bde-advancedslide swiper-slide\"><div class=\"advanced-slider__slide\">\r\n  <div class=\"bde-columns-128-354 bde-columns slider-outside\"><div class=\"bde-column-128-358 bde-column last-slider-element\">\n  \n  \n\t\n\n\n\n<div class=\"bde-fancy-container-128-359 bde-fancy-container\">\n  \n  \n\t\n\n\n\n\n<\/div><h1 class=\"bde-heading-128-360 bde-heading\">\nPytania, kto\u0301rych moz\u0307esz sie\u0328 spodziewac\u0301 podczas rekrutacji\n<\/h1>\n<\/div><div class=\"bde-column-128-361 bde-column slider-mobile hide-slider-element\">\n  \n  \n\t\n\n\n\n<div class=\"bde-fancy-container-128-362 bde-fancy-container\">\n  \n  \n\t\n\n\n\n\n<\/div><h1 class=\"bde-heading-128-363 bde-heading\">\nRzeczy, o kto\u0301re warto zapytac\u0301 na rozmowie o prac\u0119\n<\/h1>\n<\/div><div class=\"bde-column-128-364 bde-column slider-mobile\">\n  \n  \n\t\n\n\n\n<a class=\"bde-container-link-128-375 bde-container-link breakdance-link\" target=\"_self\" data-lightbox-id=\"128-364\" data-type=\"lightbox\">\n  \n  \n\t\n\n\n\n<div class=\"bde-fancy-container-128-365 bde-fancy-container\">\n  \n  \n\t\n\n\n\n\n<\/div>\n\n<\/a><h1 class=\"bde-heading-128-366 bde-heading\">\nPrzebranz\u0307owienie \u2013 od czego zacza\u0328c\u0301?\n<\/h1>\n<\/div><div class=\"bde-column-128-367 bde-column slider-mobile hide-slider-element\">\n  \n  \n\t\n\n\n\n<div class=\"bde-fancy-container-128-368 bde-fancy-container\">\n  \n  \n\t\n\n\n\n\n<\/div><h1 class=\"bde-heading-128-369 bde-heading\">\nPersonal Branding \u2013 dlaczego warto?\n<\/h1>\n<\/div><div class=\"bde-column-128-355 bde-column last-slider-element\">\n  \n  \n\t\n\n\n\n<div class=\"bde-fancy-container-128-356 bde-fancy-container\">\n  \n  \n\t\n\n\n\n\n<\/div><h1 class=\"bde-heading-128-357 bde-heading\">\nJak si\u0119 przygotowa\u0107 do rozmowy o prac\u0119 po d\u0142u\u017cszej przerwie\n<\/h1>\n<\/div><\/div>\r\n<\/div><\/div>\n    <\/div>\n  <\/div>\n\n              <div class=\"swiper-button-prev\">\n            <svg xmlns=\"http:\/\/www.w3.org\/2000\/svg\" xmlns:xlink=\"http:\/\/www.w3.org\/1999\/xlink\" version=\"1.1\" id=\"Warstwa_1\" x=\"0px\" y=\"0px\" viewBox=\"0 0 49 22\" style=\"enable-background:new 0 0 49 22;\" xml:space=\"preserve\">\n<style type=\"text\/css\">\n\t.st0{fill-rule:evenodd;clip-rule:evenodd;}\n<\/style>\n<path class=\"st0\" d=\"M23.3,20L2.5,13.8V12H49v-2H2.5V8.2L23.3,2L22.7,0L0.5,6.8v8.5L22.7,22L23.3,20z\"\/>\n<\/svg>\n        <\/div>\n        <div class=\"swiper-button-next\">\n            <svg xmlns=\"http:\/\/www.w3.org\/2000\/svg\" xmlns:xlink=\"http:\/\/www.w3.org\/1999\/xlink\" version=\"1.1\" id=\"Warstwa_1\" x=\"0px\" y=\"0px\" viewBox=\"0 0 49 22\" style=\"enable-background:new 0 0 49 22;\" xml:space=\"preserve\">\n<style type=\"text\/css\">\n\t.st0{fill-rule:evenodd;clip-rule:evenodd;}\n<\/style>\n<path class=\"st0\" d=\"M25.7,2l20.8,6.3V10H0v2h46.5v1.8L25.7,20l0.6,1.9l22.2-6.7V6.8L26.3,0L25.7,2z\"\/>\n<\/svg>\n        <\/div>\n    \n    \n<\/div>\n\n<\/div><div class=\"bde-div-128-381 bde-div\">\n  \n  \n\t\n\n\n\n<div class=\"bde-button-128-382 bde-button\">\n        \n    \n    \n    \n    \n            \n                    \n            \n                           \n                        \n\n    \n    \n    \n                    \n    \n    <a class=\"breakdance-link button-atom button-atom--custom bde-button__button\" href=\"#\" target=\"_self\" data-type=\"action\"  data-action='{\"type\":\"slider\",\"sliderOptions\":{\"elementId\":\"bde-advancedslider-128-174\",\"actionType\":\"previous\"}}' >\n\n    \n        <span class=\"button-atom__text\"> <\/span>\n\n                            \n        \n                <\/a>\n\n    \n\n\n<\/div><div class=\"bde-button-128-383 bde-button\">\n        \n    \n    \n    \n    \n            \n                    \n            \n                           \n                        \n\n    \n    \n    \n                    \n    \n    <a class=\"breakdance-link button-atom button-atom--custom bde-button__button\" href=\"#\" target=\"_self\" data-type=\"action\"  data-action='{\"type\":\"slider\",\"sliderOptions\":{\"elementId\":\"bde-advancedslider-128-174\",\"actionType\":\"next\"}}' >\n\n    \n        <span class=\"button-atom__text\"> <\/span>\n\n                            \n        \n                <\/a>\n\n    \n\n\n<\/div>\n<\/div><\/div>\n<\/section>","protected":false},"excerpt":{"rendered":"<p>Rekruterka radzi Przesu\u0144 palcem, aby zobaczy\u0107 wi\u0119cej Rzeczy, o kto\u0301re warto zapytac\u0301 na rozmowie o prac\u0119 Przebranz\u0307owienie \u2013 od czego zacza\u0328c\u0301? Personal Branding \u2013 dlaczego warto? Jak si\u0119 przygotowa\u0107 do rozmowy o prac\u0119 po d\u0142u\u017cszej przerwie 5 argument\u00f3w do awansu Przebranz\u0307owienie \u2013 od czego zacza\u0328c\u0301? Personal Branding \u2013 dlaczego warto? Jak si\u0119 przygotowa\u0107 do rozmowy [&hellip;]<\/p>\n","protected":false},"author":2,"featured_media":539,"parent":0,"menu_order":0,"comment_status":"closed","ping_status":"closed","template":"","meta":{"_breakdance_hide_in_design_set":false,"_breakdance_tags":"","footnotes":""},"class_list":["post-128","page","type-page","status-publish","has-post-thumbnail","hentry"],"_links":{"self":[{"href":"https:\/\/rocketjobs.pl\/jakpracowacbyniezalowac\/wp-json\/wp\/v2\/pages\/128","targetHints":{"allow":["GET"]}}],"collection":[{"href":"https:\/\/rocketjobs.pl\/jakpracowacbyniezalowac\/wp-json\/wp\/v2\/pages"}],"about":[{"href":"https:\/\/rocketjobs.pl\/jakpracowacbyniezalowac\/wp-json\/wp\/v2\/types\/page"}],"author":[{"embeddable":true,"href":"https:\/\/rocketjobs.pl\/jakpracowacbyniezalowac\/wp-json\/wp\/v2\/users\/2"}],"replies":[{"embeddable":true,"href":"https:\/\/rocketjobs.pl\/jakpracowacbyniezalowac\/wp-json\/wp\/v2\/comments?post=128"}],"version-history":[{"count":42,"href":"https:\/\/rocketjobs.pl\/jakpracowacbyniezalowac\/wp-json\/wp\/v2\/pages\/128\/revisions"}],"predecessor-version":[{"id":1174,"href":"https:\/\/rocketjobs.pl\/jakpracowacbyniezalowac\/wp-json\/wp\/v2\/pages\/128\/revisions\/1174"}],"wp:featuredmedia":[{"embeddable":true,"href":"https:\/\/rocketjobs.pl\/jakpracowacbyniezalowac\/wp-json\/wp\/v2\/media\/539"}],"wp:attachment":[{"href":"https:\/\/rocketjobs.pl\/jakpracowacbyniezalowac\/wp-json\/wp\/v2\/media?parent=128"}],"curies":[{"name":"wp","href":"https:\/\/api.w.org\/{rel}","templated":true}]}}