{"id":160,"date":"2023-05-04T00:25:12","date_gmt":"2023-05-03T22:25:12","guid":{"rendered":"https:\/\/jakpracowacbyniezalowac.pl\/?page_id=160"},"modified":"2024-10-16T12:21:23","modified_gmt":"2024-10-16T10:21:23","slug":"jak-negocjowac-wyzsze-wynagrodzenie","status":"publish","type":"page","link":"https:\/\/rocketjobs.pl\/jakpracowacbyniezalowac\/jak-negocjowac-wyzsze-wynagrodzenie","title":{"rendered":"Jak negocjowa\u0107 wy\u017csze wynagrodzenie?"},"content":{"rendered":"<section class=\"bde-section-160-144 bde-section\">\n  \n  \n\t\n\n\n\n<div class=\"section-container\"><div class=\"bde-fancy-container-160-145 bde-fancy-container\">\n  \n  \n\t\n\n\n\n<div class=\"bde-div-160-146 bde-div\">\n  \n  \n\t\n\n\n\n<div class=\"bde-button-160-147 bde-button\">\n        \n    \n    \n    \n    \n            \n                    \n            \n            \n\n    \n    \n    \n    \n    \n    <a class=\"breakdance-link button-atom button-atom--custom bde-button__button\" href=\"https:\/\/rocketjobs.pl\/jakpracowacbyniezalowac\/\" target=\"_self\" data-type=\"url\"  >\n\n    \n        <span class=\"button-atom__text\"> <\/span>\n\n                            \n        \n                <\/a>\n\n    \n\n\n<\/div><div class=\"bde-button-160-148 bde-button\">\n        \n    \n    \n    \n    \n            \n                    \n            \n            \n\n    \n    \n    \n    \n    \n    <a class=\"breakdance-link button-atom button-atom--custom bde-button__button\" href=\"https:\/\/rocketjobs.pl\/jakpracowacbyniezalowac\/\" target=\"_self\" data-type=\"url\"  >\n\n    \n        <span class=\"button-atom__text\"> <\/span>\n\n                            \n        \n                <\/a>\n\n    \n\n\n<\/div>\n<\/div><h1 class=\"bde-heading-160-149 bde-heading\">\nJak negocjowa\u0107 wy\u017csze wynagrodzenie?\n<\/h1>\n<\/div><\/div>\n<\/section><section class=\"bde-section-160-150 bde-section\">\n  \n  \n\t\n\n\n\n<div class=\"section-container\"><div class=\"bde-columns-160-151 bde-columns\"><div class=\"bde-column-160-152 bde-column\">\n  \n  \n\t\n\n\n\n<div class=\"bde-div-160-153 bde-div\">\n  \n  \n\t\n\n\n\n<h1 class=\"bde-heading-160-154 bde-heading\">\nWszystko, co warto wiedzie\u0107 o \u015bwiecie finans\u00f3w i zarabianiu, a czego nie ucz\u0105 w szkole i na studiach.\n<\/h1><div class=\"bde-text-160-155 bde-text\">\nPos\u0142uchaj Doroty Sierakowskiej \u2013 finansistki, przedsi\u0119biorczyni i za\u0142o\u017cycielki spo\u0142eczno\u015bci Girls Money Club, kt\u00f3ra radzi, jak zarz\u0105dza\u0107 swoim bud\u017cetem, \u017ceby unikn\u0105\u0107 \u017cycia od pierwszego do pierwszego. \n<\/div>\n<\/div><div class=\"bde-button-160-156 bde-button\">\n        \n    \n    \n    \n    \n            \n                    \n            \n            \n\n    \n    \n    \n    \n    \n    <a class=\"breakdance-link button-atom button-atom--custom bde-button__button\" href=\"https:\/\/youtu.be\/fWg8kBSNr5Q\" target=\"_self\" data-type=\"url\" rel=\"noopener\">\n\n    \n        <span class=\"button-atom__text\"> <\/span>\n\n                            \n        \n                <\/a>\n\n    \n\n\n<\/div>\n<\/div><div class=\"bde-column-160-157 bde-column\">\n  \n  \n\t\n\n\n\n<a class=\"bde-container-link-160-159 bde-container-link breakdance-link\" href=\"https:\/\/www.youtube.com\/embed\/fWg8kBSNr5Q?feature=oembed\" target=\"_self\" data-lightbox-id=\"160-157\" data-type=\"lightbox\" rel=\"noopener\">\n  \n  \n\t\n\n\n\n<div class=\"bde-fancy-container-160-158 bde-fancy-container\">\n  \n  \n\t\n\n\n\n\n<\/div>\n\n<\/a>\n<\/div><\/div><\/div>\n<\/section><section class=\"bde-section-160-109 bde-section\">\n  \n  \n\t\n\n\n\n<div class=\"section-container\"><div class=\"bde-columns-160-110 bde-columns\"><div class=\"bde-column-160-111 bde-column\">\n  \n  \n\t\n\n\n\n<div class=\"bde-div-160-120 bde-div\">\n  \n  \n\t\n\n\n\n<h1 class=\"bde-heading-160-113 bde-heading\">\nPoprzednie wideo\n<\/h1><h1 class=\"bde-heading-160-115 bde-heading\">\nJak znale\u017a\u0107 dodatkowe \u017ar\u00f3d\u0142o dochodu?\n<\/h1>\n<\/div><div class=\"bde-button-160-116 bde-button\">\n        \n    \n    \n    \n    \n            \n                    \n            \n            \n\n    \n    \n    \n    \n    \n    <a class=\"breakdance-link button-atom button-atom--custom bde-button__button\" href=\"\/jakpracowacbyniezalowac\/jak-znalezc-dodatkowe-zrodlo-dochodu\/\" target=\"_self\" data-type=\"url\"  >\n\n    \n        <span class=\"button-atom__text\"> <\/span>\n\n                            \n        \n                <\/a>\n\n    \n\n\n<\/div>\n<\/div><div class=\"bde-column-160-112 bde-column\">\n  \n  \n\t\n\n\n\n<div class=\"bde-div-160-121 bde-div\">\n  \n  \n\t\n\n\n\n<h1 class=\"bde-heading-160-122 bde-heading\">\nNast\u0119pne wideo\n<\/h1><h1 class=\"bde-heading-160-123 bde-heading\">\nKompetencje transferowe \u2013 czym s\u0105 i dlaczego warto je naby\u0107?\n<\/h1>\n<\/div><div class=\"bde-button-160-124 bde-button\">\n        \n    \n    \n    \n    \n            \n                    \n            \n            \n\n    \n    \n    \n    \n    \n    <a class=\"breakdance-link button-atom button-atom--custom bde-button__button\" href=\"\/jakpracowacbyniezalowac\/kompetencje-transferowe-czym-sa-i-dlaczego-warto-je-nabyc\/\" target=\"_self\" data-type=\"url\"  >\n\n    \n        <span class=\"button-atom__text\"> <\/span>\n\n                            \n        \n                <\/a>\n\n    \n\n\n<\/div>\n<\/div><\/div><\/div>\n<\/section>","protected":false},"excerpt":{"rendered":"<p>Jak negocjowa\u0107 wy\u017csze wynagrodzenie? Wszystko, co warto wiedzie\u0107 o \u015bwiecie finans\u00f3w i zarabianiu, a czego nie ucz\u0105 w szkole i na studiach. Pos\u0142uchaj Doroty Sierakowskiej \u2013 finansistki, przedsi\u0119biorczyni i za\u0142o\u017cycielki spo\u0142eczno\u015bci Girls Money Club, kt\u00f3ra radzi, jak zarz\u0105dza\u0107 swoim bud\u017cetem, \u017ceby unikn\u0105\u0107 \u017cycia od pierwszego do pierwszego. Poprzednie wideo Jak znale\u017a\u0107 dodatkowe \u017ar\u00f3d\u0142o dochodu? Nast\u0119pne [&hellip;]<\/p>\n","protected":false},"author":2,"featured_media":539,"parent":0,"menu_order":0,"comment_status":"closed","ping_status":"closed","template":"","meta":{"_breakdance_hide_in_design_set":false,"_breakdance_tags":"","footnotes":""},"class_list":["post-160","page","type-page","status-publish","has-post-thumbnail","hentry"],"_links":{"self":[{"href":"https:\/\/rocketjobs.pl\/jakpracowacbyniezalowac\/wp-json\/wp\/v2\/pages\/160","targetHints":{"allow":["GET"]}}],"collection":[{"href":"https:\/\/rocketjobs.pl\/jakpracowacbyniezalowac\/wp-json\/wp\/v2\/pages"}],"about":[{"href":"https:\/\/rocketjobs.pl\/jakpracowacbyniezalowac\/wp-json\/wp\/v2\/types\/page"}],"author":[{"embeddable":true,"href":"https:\/\/rocketjobs.pl\/jakpracowacbyniezalowac\/wp-json\/wp\/v2\/users\/2"}],"replies":[{"embeddable":true,"href":"https:\/\/rocketjobs.pl\/jakpracowacbyniezalowac\/wp-json\/wp\/v2\/comments?post=160"}],"version-history":[{"count":24,"href":"https:\/\/rocketjobs.pl\/jakpracowacbyniezalowac\/wp-json\/wp\/v2\/pages\/160\/revisions"}],"predecessor-version":[{"id":4034,"href":"https:\/\/rocketjobs.pl\/jakpracowacbyniezalowac\/wp-json\/wp\/v2\/pages\/160\/revisions\/4034"}],"wp:featuredmedia":[{"embeddable":true,"href":"https:\/\/rocketjobs.pl\/jakpracowacbyniezalowac\/wp-json\/wp\/v2\/media\/539"}],"wp:attachment":[{"href":"https:\/\/rocketjobs.pl\/jakpracowacbyniezalowac\/wp-json\/wp\/v2\/media?parent=160"}],"curies":[{"name":"wp","href":"https:\/\/api.w.org\/{rel}","templated":true}]}}