{"id":181,"date":"2023-05-04T01:12:46","date_gmt":"2023-05-03T23:12:46","guid":{"rendered":"https:\/\/jakpracowacbyniezalowac.pl\/?page_id=181"},"modified":"2024-10-10T15:51:02","modified_gmt":"2024-10-10T13:51:02","slug":"kompetencje-transferowe-czym-sa-i-dlaczego-warto-je-nabyc","status":"publish","type":"page","link":"https:\/\/rocketjobs.pl\/jakpracowacbyniezalowac\/kompetencje-transferowe-czym-sa-i-dlaczego-warto-je-nabyc","title":{"rendered":"Kompetencje transferowe \u2013 czym s\u0105 i dlaczego warto je naby\u0107?"},"content":{"rendered":"<section class=\"bde-section-181-148 bde-section\">\n  \n  \n\t\n\n\n\n<div class=\"section-container\"><div class=\"bde-fancy-container-181-149 bde-fancy-container\">\n  \n  \n\t\n\n\n\n<div class=\"bde-div-181-150 bde-div\">\n  \n  \n\t\n\n\n\n<div class=\"bde-button-181-151 bde-button\">\n        \n    \n    \n    \n    \n            \n                    \n            \n            \n\n    \n    \n    \n    \n    \n    <a class=\"breakdance-link button-atom button-atom--custom bde-button__button\" href=\"https:\/\/rocketjobs.pl\/jakpracowacbyniezalowac\/\" target=\"_self\" data-type=\"url\"  >\n\n    \n        <span class=\"button-atom__text\"> <\/span>\n\n                            \n        \n                <\/a>\n\n    \n\n\n<\/div><div class=\"bde-button-181-152 bde-button\">\n        \n    \n    \n    \n    \n            \n                    \n            \n            \n\n    \n    \n    \n    \n    \n    <a class=\"breakdance-link button-atom button-atom--custom bde-button__button\" href=\"https:\/\/rocketjobs.pl\/jakpracowacbyniezalowac\/\" target=\"_self\" data-type=\"url\"  >\n\n    \n        <span class=\"button-atom__text\"> <\/span>\n\n                            \n        \n                <\/a>\n\n    \n\n\n<\/div>\n<\/div><h1 class=\"bde-heading-181-153 bde-heading\">\nKompetencje transferowe \u2013 czym s\u0105 i dlaczego warto je naby\u0107?\n<\/h1>\n<\/div><\/div>\n<\/section><section class=\"bde-section-181-154 bde-section\">\n  \n  \n\t\n\n\n\n<div class=\"section-container\"><div class=\"bde-columns-181-155 bde-columns\"><div class=\"bde-column-181-156 bde-column\">\n  \n  \n\t\n\n\n\n<div class=\"bde-div-181-157 bde-div\">\n  \n  \n\t\n\n\n\n<h1 class=\"bde-heading-181-158 bde-heading\">\nWszystko, co warto wiedzie\u0107 o \u015bwiecie finans\u00f3w i zarabianiu, a czego nie ucz\u0105 w szkole i na studiach.\n<\/h1><div class=\"bde-text-181-159 bde-text\">\nPos\u0142uchaj Doroty Sierakowskiej \u2013 finansistki, przedsi\u0119biorczyni i za\u0142o\u017cycielki spo\u0142eczno\u015bci Girls Money Club, kt\u00f3ra radzi, jak zarz\u0105dza\u0107 swoim bud\u017cetem, \u017ceby unikn\u0105\u0107 \u017cycia od pierwszego do pierwszego. \n<\/div>\n<\/div><div class=\"bde-button-181-160 bde-button\">\n        \n    \n    \n    \n    \n            \n                    \n                  \n    \n            \n\n          \n          \n    \n    \n    \n    \n    <a class=\"breakdance-link button-atom button-atom--custom bde-button__button\" href=\"https:\/\/www.youtube.com\/embed\/Kw8XhDO8VQo?feature=oembed\" target=\"_self\" data-type=\"lightbox\" data-lightbox-id=\"181-160\" rel=\"noopener\">\n\n    \n        <span class=\"button-atom__text\"> <\/span>\n\n                            \n        \n                <\/a>\n\n    \n\n\n<\/div>\n<\/div><div class=\"bde-column-181-161 bde-column\">\n  \n  \n\t\n\n\n\n<a class=\"bde-container-link-181-163 bde-container-link breakdance-link\" href=\"https:\/\/www.youtube.com\/embed\/Kw8XhDO8VQo?feature=oembed\" target=\"_self\" data-lightbox-id=\"181-161\" data-type=\"lightbox\" rel=\"noopener\">\n  \n  \n\t\n\n\n\n<div class=\"bde-fancy-container-181-164 bde-fancy-container\">\n  \n  \n\t\n\n\n\n\n<\/div>\n\n<\/a>\n<\/div><\/div><\/div>\n<\/section><section class=\"bde-section-181-127 bde-section\">\n  \n  \n\t\n\n\n\n<div class=\"section-container\"><div class=\"bde-columns-181-128 bde-columns\"><div class=\"bde-column-181-129 bde-column\">\n  \n  \n\t\n\n\n\n<div class=\"bde-div-181-130 bde-div\">\n  \n  \n\t\n\n\n\n<h1 class=\"bde-heading-181-131 bde-heading\">\nPoprzednie wideo\n<\/h1><h1 class=\"bde-heading-181-132 bde-heading\">\nJak negocjowac\u0301 wyz\u0307sze wynagrodzenie?\n<\/h1>\n<\/div><div class=\"bde-button-181-133 bde-button\">\n        \n    \n    \n    \n    \n            \n                    \n            \n            \n\n    \n    \n    \n    \n    \n    <a class=\"breakdance-link button-atom button-atom--custom bde-button__button\" href=\"\/jakpracowacbyniezalowac\/jak-negocjowac-wyzsze-wynagrodzenie\/\" target=\"_self\" data-type=\"url\"  >\n\n    \n        <span class=\"button-atom__text\"> <\/span>\n\n                            \n        \n                <\/a>\n\n    \n\n\n<\/div>\n<\/div><div class=\"bde-column-181-134 bde-column\">\n  \n  \n\t\n\n\n\n<div class=\"bde-div-181-135 bde-div\">\n  \n  \n\t\n\n\n\n<h1 class=\"bde-heading-181-136 bde-heading\">\nNast\u0119pne wideo\n<\/h1><h1 class=\"bde-heading-181-137 bde-heading\">\nJak znalez\u0301c\u0301<br>swoj\u0105 nisze\u0328 na rynku?\n<\/h1>\n<\/div><div class=\"bde-button-181-138 bde-button\">\n        \n    \n    \n    \n    \n            \n                    \n            \n            \n\n    \n    \n    \n    \n    \n    <a class=\"breakdance-link button-atom button-atom--custom bde-button__button\" href=\"\/jakpracowacbyniezalowac\/jak-znalezc-swoja-nisze-na-rynku\/\" target=\"_self\" data-type=\"url\"  >\n\n    \n        <span class=\"button-atom__text\"> <\/span>\n\n                            \n        \n                <\/a>\n\n    \n\n\n<\/div>\n<\/div><\/div><\/div>\n<\/section>","protected":false},"excerpt":{"rendered":"<p>Kompetencje transferowe \u2013 czym s\u0105 i dlaczego warto je naby\u0107? Wszystko, co warto wiedzie\u0107 o \u015bwiecie finans\u00f3w i zarabianiu, a czego nie ucz\u0105 w szkole i na studiach. Pos\u0142uchaj Doroty Sierakowskiej \u2013 finansistki, przedsi\u0119biorczyni i za\u0142o\u017cycielki spo\u0142eczno\u015bci Girls Money Club, kt\u00f3ra radzi, jak zarz\u0105dza\u0107 swoim bud\u017cetem, \u017ceby unikn\u0105\u0107 \u017cycia od pierwszego do pierwszego. Poprzednie wideo [&hellip;]<\/p>\n","protected":false},"author":2,"featured_media":539,"parent":0,"menu_order":0,"comment_status":"closed","ping_status":"closed","template":"","meta":{"_breakdance_hide_in_design_set":false,"_breakdance_tags":"","footnotes":""},"class_list":["post-181","page","type-page","status-publish","has-post-thumbnail","hentry"],"_links":{"self":[{"href":"https:\/\/rocketjobs.pl\/jakpracowacbyniezalowac\/wp-json\/wp\/v2\/pages\/181","targetHints":{"allow":["GET"]}}],"collection":[{"href":"https:\/\/rocketjobs.pl\/jakpracowacbyniezalowac\/wp-json\/wp\/v2\/pages"}],"about":[{"href":"https:\/\/rocketjobs.pl\/jakpracowacbyniezalowac\/wp-json\/wp\/v2\/types\/page"}],"author":[{"embeddable":true,"href":"https:\/\/rocketjobs.pl\/jakpracowacbyniezalowac\/wp-json\/wp\/v2\/users\/2"}],"replies":[{"embeddable":true,"href":"https:\/\/rocketjobs.pl\/jakpracowacbyniezalowac\/wp-json\/wp\/v2\/comments?post=181"}],"version-history":[{"count":12,"href":"https:\/\/rocketjobs.pl\/jakpracowacbyniezalowac\/wp-json\/wp\/v2\/pages\/181\/revisions"}],"predecessor-version":[{"id":3722,"href":"https:\/\/rocketjobs.pl\/jakpracowacbyniezalowac\/wp-json\/wp\/v2\/pages\/181\/revisions\/3722"}],"wp:featuredmedia":[{"embeddable":true,"href":"https:\/\/rocketjobs.pl\/jakpracowacbyniezalowac\/wp-json\/wp\/v2\/media\/539"}],"wp:attachment":[{"href":"https:\/\/rocketjobs.pl\/jakpracowacbyniezalowac\/wp-json\/wp\/v2\/media?parent=181"}],"curies":[{"name":"wp","href":"https:\/\/api.w.org\/{rel}","templated":true}]}}