{"id":186,"date":"2023-05-04T01:15:26","date_gmt":"2023-05-03T23:15:26","guid":{"rendered":"https:\/\/jakpracowacbyniezalowac.pl\/?page_id=186"},"modified":"2024-10-10T15:51:47","modified_gmt":"2024-10-10T13:51:47","slug":"jak-sie-wyroznic-na-rynku-pracy","status":"publish","type":"page","link":"https:\/\/rocketjobs.pl\/jakpracowacbyniezalowac\/jak-sie-wyroznic-na-rynku-pracy","title":{"rendered":"Jak si\u0119 wyr\u00f3\u017cni\u0107 na rynku pracy?"},"content":{"rendered":"<section class=\"bde-section-186-133 bde-section\">\n  \n  \n\t\n\n\n\n<div class=\"section-container\"><div class=\"bde-fancy-container-186-134 bde-fancy-container\">\n  \n  \n\t\n\n\n\n<div class=\"bde-div-186-135 bde-div\">\n  \n  \n\t\n\n\n\n<div class=\"bde-button-186-136 bde-button\">\n        \n    \n    \n    \n    \n            \n                    \n            \n            \n\n    \n    \n    \n    \n    \n    <a class=\"breakdance-link button-atom button-atom--custom bde-button__button\" href=\"https:\/\/rocketjobs.pl\/jakpracowacbyniezalowac\/\" target=\"_self\" data-type=\"url\"  >\n\n    \n        <span class=\"button-atom__text\"> <\/span>\n\n                            \n        \n                <\/a>\n\n    \n\n\n<\/div><div class=\"bde-button-186-137 bde-button\">\n        \n    \n    \n    \n    \n            \n                    \n            \n            \n\n    \n    \n    \n    \n    \n    <a class=\"breakdance-link button-atom button-atom--custom bde-button__button\" href=\"https:\/\/rocketjobs.pl\/jakpracowacbyniezalowac\/\" target=\"_self\" data-type=\"url\"  >\n\n    \n        <span class=\"button-atom__text\"> <\/span>\n\n                            \n        \n                <\/a>\n\n    \n\n\n<\/div>\n<\/div><h1 class=\"bde-heading-186-138 bde-heading\">\nJak si\u0119 wyr\u00f3\u017cni\u0107 na rynku pracy?\n<\/h1>\n<\/div><\/div>\n<\/section><section class=\"bde-section-186-160 bde-section\">\n  \n  \n\t\n\n\n\n<div class=\"section-container\"><div class=\"bde-columns-186-161 bde-columns\"><div class=\"bde-column-186-162 bde-column\">\n  \n  \n\t\n\n\n\n<div class=\"bde-div-186-163 bde-div\">\n  \n  \n\t\n\n\n\n<h1 class=\"bde-heading-186-164 bde-heading\">\nWszystko, co warto wiedzie\u0107 o \u015bwiecie finans\u00f3w i zarabianiu, a czego nie ucz\u0105 w szkole i na studiach.\n<\/h1><div class=\"bde-text-186-165 bde-text\">\nPos\u0142uchaj Doroty Sierakowskiej \u2013 finansistki, przedsi\u0119biorczyni i za\u0142o\u017cycielki spo\u0142eczno\u015bci Girls Money Club, kt\u00f3ra radzi, jak zarz\u0105dza\u0107 swoim bud\u017cetem, \u017ceby unikn\u0105\u0107 \u017cycia od pierwszego do pierwszego. \n<\/div>\n<\/div><div class=\"bde-button-186-166 bde-button\">\n        \n    \n    \n    \n    \n            \n                    \n                  \n    \n            \n\n          \n          \n    \n    \n    \n    \n    <a class=\"breakdance-link button-atom button-atom--custom bde-button__button\" href=\"#\" target=\"_self\" data-type=\"lightbox\"  data-lightbox-id=\"186-166\" >\n\n    \n        <span class=\"button-atom__text\"> <\/span>\n\n                            \n        \n                <\/a>\n\n    \n\n\n<\/div>\n<\/div><div class=\"bde-column-186-167 bde-column\">\n  \n  \n\t\n\n\n\n<a class=\"bde-container-link-186-169 bde-container-link breakdance-link\" href=\"https:\/\/www.youtube.com\/embed\/3aYR_4JWZf8?feature=oembed\" target=\"_self\" data-lightbox-id=\"186-167\" data-type=\"lightbox\" rel=\"noopener\">\n  \n  \n\t\n\n\n\n<div class=\"bde-fancy-container-186-170 bde-fancy-container\">\n  \n  \n\t\n\n\n\n\n<\/div>\n\n<\/a>\n<\/div><\/div><\/div>\n<\/section><section class=\"bde-section-186-148 bde-section\">\n  \n  \n\t\n\n\n\n<div class=\"section-container\"><div class=\"bde-columns-186-149 bde-columns\"><div class=\"bde-column-186-150 bde-column\">\n  \n  \n\t\n\n\n\n<div class=\"bde-div-186-151 bde-div\">\n  \n  \n\t\n\n\n\n<h1 class=\"bde-heading-186-152 bde-heading\">\nPoprzednie wideo\n<\/h1><h1 class=\"bde-heading-186-153 bde-heading\">\nKompetencje transferowe \u2013 czym s\u0105 i dlaczego warto je naby\u0107?\n<\/h1>\n<\/div><div class=\"bde-button-186-154 bde-button\">\n        \n    \n    \n    \n    \n            \n                    \n            \n            \n\n    \n    \n    \n    \n    \n    <a class=\"breakdance-link button-atom button-atom--custom bde-button__button\" href=\"\/jakpracowacbyniezalowac\/kompetencje-transferowe-czym-sa-i-dlaczego-warto-je-nabyc\/\" target=\"_self\" data-type=\"url\"  >\n\n    \n        <span class=\"button-atom__text\"> <\/span>\n\n                            \n        \n                <\/a>\n\n    \n\n\n<\/div>\n<\/div><div class=\"bde-column-186-155 bde-column\">\n  \n  \n\t\n\n\n\n<div class=\"bde-div-186-156 bde-div\">\n  \n  \n\t\n\n\n\n<h1 class=\"bde-heading-186-157 bde-heading\">\nNast\u0119pne wideo\n<\/h1><h1 class=\"bde-heading-186-158 bde-heading\">\nJak rozplanowac\u0301 wydatki tuz\u0307 po wyp\u0142acie?\n<\/h1>\n<\/div><div class=\"bde-button-186-159 bde-button\">\n        \n    \n    \n    \n    \n            \n                    \n            \n            \n\n    \n    \n    \n    \n    \n    <a class=\"breakdance-link button-atom button-atom--custom bde-button__button\" href=\"\/jakpracowacbyniezalowac\/jak-rozplanowac-wydatki-tuz-po-wyplacie\/\" target=\"_self\" data-type=\"url\"  >\n\n    \n        <span class=\"button-atom__text\"> <\/span>\n\n                            \n        \n                <\/a>\n\n    \n\n\n<\/div>\n<\/div><\/div><\/div>\n<\/section>","protected":false},"excerpt":{"rendered":"<p>Jak si\u0119 wyr\u00f3\u017cni\u0107 na rynku pracy? Wszystko, co warto wiedzie\u0107 o \u015bwiecie finans\u00f3w i zarabianiu, a czego nie ucz\u0105 w szkole i na studiach. Pos\u0142uchaj Doroty Sierakowskiej \u2013 finansistki, przedsi\u0119biorczyni i za\u0142o\u017cycielki spo\u0142eczno\u015bci Girls Money Club, kt\u00f3ra radzi, jak zarz\u0105dza\u0107 swoim bud\u017cetem, \u017ceby unikn\u0105\u0107 \u017cycia od pierwszego do pierwszego. Poprzednie wideo Kompetencje transferowe \u2013 czym [&hellip;]<\/p>\n","protected":false},"author":2,"featured_media":539,"parent":0,"menu_order":0,"comment_status":"closed","ping_status":"closed","template":"","meta":{"_breakdance_hide_in_design_set":false,"_breakdance_tags":"","footnotes":""},"class_list":["post-186","page","type-page","status-publish","has-post-thumbnail","hentry"],"_links":{"self":[{"href":"https:\/\/rocketjobs.pl\/jakpracowacbyniezalowac\/wp-json\/wp\/v2\/pages\/186","targetHints":{"allow":["GET"]}}],"collection":[{"href":"https:\/\/rocketjobs.pl\/jakpracowacbyniezalowac\/wp-json\/wp\/v2\/pages"}],"about":[{"href":"https:\/\/rocketjobs.pl\/jakpracowacbyniezalowac\/wp-json\/wp\/v2\/types\/page"}],"author":[{"embeddable":true,"href":"https:\/\/rocketjobs.pl\/jakpracowacbyniezalowac\/wp-json\/wp\/v2\/users\/2"}],"replies":[{"embeddable":true,"href":"https:\/\/rocketjobs.pl\/jakpracowacbyniezalowac\/wp-json\/wp\/v2\/comments?post=186"}],"version-history":[{"count":11,"href":"https:\/\/rocketjobs.pl\/jakpracowacbyniezalowac\/wp-json\/wp\/v2\/pages\/186\/revisions"}],"predecessor-version":[{"id":3723,"href":"https:\/\/rocketjobs.pl\/jakpracowacbyniezalowac\/wp-json\/wp\/v2\/pages\/186\/revisions\/3723"}],"wp:featuredmedia":[{"embeddable":true,"href":"https:\/\/rocketjobs.pl\/jakpracowacbyniezalowac\/wp-json\/wp\/v2\/media\/539"}],"wp:attachment":[{"href":"https:\/\/rocketjobs.pl\/jakpracowacbyniezalowac\/wp-json\/wp\/v2\/media?parent=186"}],"curies":[{"name":"wp","href":"https:\/\/api.w.org\/{rel}","templated":true}]}}