{"id":3985,"date":"2024-10-16T10:47:52","date_gmt":"2024-10-16T08:47:52","guid":{"rendered":"https:\/\/rocketjobs.pl\/jakpracowacbyniezalowac\/?page_id=3985"},"modified":"2024-11-07T16:01:30","modified_gmt":"2024-11-07T15:01:30","slug":"jak-pracowac-by-nie-zalowac-raport-z-2023-roku","status":"publish","type":"page","link":"https:\/\/rocketjobs.pl\/jakpracowacbyniezalowac\/jak-pracowac-by-nie-zalowac-raport-z-2023-roku","title":{"rendered":"Jak pracowa\u0107, by nie \u017ca\u0142owa\u0107? Raport z 2023 roku"},"content":{"rendered":"<section class=\"bde-section-3985-194 bde-section\">\n  \n  \n\t\n\n\n\n<div class=\"section-container\"><div class=\"bde-div-3985-195 bde-div\">\n  \n  \n\t\n\n\n\n<div class=\"bde-image-3985-196 bde-image\">\n<figure class=\"breakdance-image breakdance-image--79\">\n\t<div class=\"breakdance-image-container\">\n\t\t<div class=\"breakdance-image-clip\"><img loading=\"lazy\" decoding=\"async\" class=\"breakdance-image-object\" src=\"https:\/\/rocketjobs.pl\/jakpracowacbyniezalowac\/wp-content\/uploads\/2023\/04\/Text_PoweredBy.svg\" width=\"82\" height=\"10\" sizes=\"auto, (max-width: 82px) 100vw, 82px\" alt=\"Jak pracowa\u0107, by nie \u017ca\u0142owa\u0107? Grafika o \u017calu zawodowym od RocketJobs.pl\" title=\"Jak pracowa\u0107, by nie \u017ca\u0142owa\u0107? Grafika o \u017calu zawodowym od RocketJobs.pl\"><\/div>\n\t<\/div><\/figure>\n\n<\/div><div class=\"bde-button-3985-197 bde-button\">\n        \n    \n    \n    \n    \n            \n                    \n            \n            \n\n    \n    \n    \n    \n    \n    <a class=\"breakdance-link button-atom button-atom--custom bde-button__button\" href=\"https:\/\/rocketjobs.pl\/\" target=\"_blank\" data-type=\"url\"  >\n\n    \n        <span class=\"button-atom__text\"> <\/span>\n\n                            \n        \n                <\/a>\n\n    \n\n\n<\/div>\n<\/div><\/div>\n<\/section><section class=\"bde-section-3985-198 bde-section\">\n  \n  \n\t\n\n\n\n<div class=\"section-container\"><div class=\"bde-columns-3985-199 bde-columns\"><div class=\"bde-column-3985-200 bde-column\">\n  \n  \n\t\n\n\n\n<div class=\"bde-div-3985-201 bde-div\">\n  \n  \n\t\n\n\n\n<div class=\"bde-image-3985-202 bde-image\">\n<figure class=\"breakdance-image breakdance-image--79\">\n\t<div class=\"breakdance-image-container\">\n\t\t<div class=\"breakdance-image-clip\"><img loading=\"lazy\" decoding=\"async\" class=\"breakdance-image-object\" src=\"https:\/\/jakpracowacbyniezalowac.pl\/wp-content\/uploads\/2023\/04\/Text_PoweredBy.svg\" width=\"82\" height=\"10\" sizes=\"auto, (max-width: 82px) 100vw, 82px\" alt=\"Jak pracowa\u0107, by nie \u017ca\u0142owa\u0107? Grafika o \u017calu zawodowym od RocketJobs.pl\" title=\"Jak pracowa\u0107, by nie \u017ca\u0142owa\u0107? Grafika o \u017calu zawodowym od RocketJobs.pl\"><\/div>\n\t<\/div><\/figure>\n\n<\/div><div class=\"bde-button-3985-203 bde-button\">\n        \n    \n    \n    \n    \n            \n                    \n            \n            \n\n    \n    \n    \n    \n    \n    <a class=\"breakdance-link button-atom button-atom--custom bde-button__button\" href=\"https:\/\/rocketjobs.pl\/\" target=\"_blank\" data-type=\"url\"  >\n\n    \n        <span class=\"button-atom__text\"> <\/span>\n\n                            \n        \n                <\/a>\n\n    \n\n\n<\/div>\n<\/div><h2 class=\"bde-heading-3985-204 bde-heading\">\nPonad 60% Gen Z i Milenials\u00f3w \u017ca\u0142uje swoich wybor\u00f3w zawodowych\n<\/h2><div class=\"bde-div-3985-205 bde-div\">\n  \n  \n\t\n\n\n\n<h3 class=\"bde-heading-3985-206 bde-heading\">\nNie chcesz by\u0107 jednym\/jedn\u0105 z nich?<br>Zobacz, jak pracowa\u0107, by nie \u017ca\u0142owa\u0107.\n<\/h3><div class=\"bde-button-3985-207 bde-button\">\n        \n    \n    \n    \n    \n            \n                    \n            \n            \n\n    \n    \n    \n    \n    \n    <a class=\"breakdance-link button-atom button-atom--custom bde-button__button\" href=\"#section2\" target=\"_self\" data-type=\"url\"  >\n\n    \n        <span class=\"button-atom__text\"> <\/span>\n\n                            \n        \n                <\/a>\n\n    \n\n\n<\/div>\n<\/div>\n<\/div><div class=\"bde-column-3985-208 bde-column\">\n  \n  \n\t\n\n\n\n<div class=\"bde-fancy-container-3985-209 bde-fancy-container\">\n  \n  \n\t\n\n\n\n\n<\/div>\n<\/div><\/div><\/div>\n<\/section><section class=\"bde-section-3985-210 bde-section\">\n              \n  \n  \n\t    \n      <div class=\"section-background-video\">\n              <video\n          autoplay\n          muted\n                      playsinline\n                                loop\n                          >\n        <source src=\"https:\/\/rocketjobs.pl\/jakpracowacbyniezalowac\/wp-content\/uploads\/2023\/05\/RJ001_4.mp4\" type=\"video\/mp4\" \/>\n      <\/video>\n      <\/div>\n\n\n\n\n<div class=\"section-container\"><div class=\"bde-div-3985-211 bde-div\">\n  \n  \n\t\n\n\n\n<div class=\"bde-text-3985-212 bde-text\">\n01.\n<\/div><h5 class=\"bde-heading-3985-213 bde-heading\">\nPos\u0142uchaj\n<\/h5>\n<\/div><a class=\"bde-container-link-3985-214 bde-container-link breakdance-link\" href=\"https:\/\/www.youtube.com\/embed\/YUH0ihGM6oA?feature=oembed\" target=\"_self\" data-lightbox-id=\"3985-210\" data-type=\"lightbox\" rel=\"noopener\">\n  \n  \n\t\n\n\n\n<div class=\"bde-fancy-container-3985-215 bde-fancy-container\">\n  \n  \n\t\n\n\n\n\n<\/div>\n\n<\/a><div class=\"bde-div-3985-216 bde-div\">\n  \n  \n\t\n\n\n\n<h4 class=\"bde-heading-3985-217 bde-heading\">\nKim chcia\u0142_\u015b zosta\u0107, gdy by\u0142_\u015b dzieckiem?\n<\/h4><div class=\"bde-button-3985-218 bde-button\">\n        \n    \n    \n    \n    \n            \n                    \n                  \n    \n            \n\n          \n          \n    \n    \n    \n    \n    <a class=\"breakdance-link button-atom button-atom--custom bde-button__button\" href=\"https:\/\/www.youtube.com\/embed\/YUH0ihGM6oA?feature=oembed\" target=\"_self\" data-type=\"lightbox\" data-lightbox-id=\"3985-218\" rel=\"noopener\">\n\n    \n        <span class=\"button-atom__text\"> <\/span>\n\n                            \n        \n                <\/a>\n\n    \n\n\n<\/div>\n<\/div><\/div>\n<\/section><section class=\"bde-section-3985-219 bde-section\">\n  \n  \n\t\n\n\n\n<div class=\"section-container\"><div class=\"bde-columns-3985-220 bde-columns\"><div class=\"bde-column-3985-221 bde-column\">\n  \n  \n\t\n\n\n\n<div class=\"bde-text-3985-222 bde-text\">\n01.\n<\/div><h3 class=\"bde-heading-3985-223 bde-heading\">\nCo 5 white collar przyznaje, \u017ce chcia\u0142by zupe\u0142nie zmieni\u0107 bran\u017c\u0119, w kt\u00f3rej pracuje\n<\/h3><div class=\"bde-div-3985-224 bde-div\">\n  \n  \n\t\n\n\n\n<div class=\"bde-button-3985-225 bde-button\">\n        \n    \n    \n    \n    \n            \n                    \n            \n            \n\n    \n    \n    \n    \n    \n    <a class=\"breakdance-link button-atom button-atom--custom bde-button__button\" href=\"\/jakpracowacbyniezalowac\/5-typowych-bledow-przy-wyborze-kariery\/\" target=\"_self\" data-type=\"url\"  >\n\n    \n        <span class=\"button-atom__text\"> <\/span>\n\n                            \n        \n                <\/a>\n\n    \n\n\n<\/div><div class=\"bde-button-3985-226 bde-button\">\n        \n    \n    \n    \n    \n            \n                    \n            \n            \n\n    \n    \n    \n    \n    \n    <a class=\"breakdance-link button-atom button-atom--custom bde-button__button\" href=\"\/jakpracowacbyniezalowac\/5-typowych-bledow-przy-wyborze-kariery\/\" target=\"_self\" data-type=\"url\"  >\n\n    \n        <span class=\"button-atom__text\"> <\/span>\n\n                            \n        \n                <\/a>\n\n    \n\n\n<\/div>\n<\/div>\n<\/div><div class=\"bde-column-3985-227 bde-column\">\n  \n  \n\t\n\n\n\n<div class=\"bde-text-3985-228 bde-text\">\n02.\n<\/div><h3 class=\"bde-heading-3985-229 bde-heading\">\nPrawie \u2153 pracownik\u00f3w twierdzi, \u017ce chcia\u0142aby dokona\u0107 zmiany pracy\n<\/h3><div class=\"bde-div-3985-230 bde-div\">\n  \n  \n\t\n\n\n\n<div class=\"bde-button-3985-231 bde-button\">\n        \n    \n    \n    \n    \n            \n                    \n            \n            \n\n    \n    \n    \n    \n    \n    <a class=\"breakdance-link button-atom button-atom--custom bde-button__button\" href=\"\/jak-pisac-spoko-cv\/\" target=\"_self\" data-type=\"url\"  >\n\n    \n        <span class=\"button-atom__text\"> <\/span>\n\n                            \n        \n                <\/a>\n\n    \n\n\n<\/div><div class=\"bde-button-3985-232 bde-button\">\n        \n    \n    \n    \n    \n            \n                    \n            \n            \n\n    \n    \n    \n    \n    \n    <a class=\"breakdance-link button-atom button-atom--custom bde-button__button\" href=\"\/jak-pisac-spoko-cv\/\" target=\"_self\" data-type=\"url\"  >\n\n    \n        <span class=\"button-atom__text\"> <\/span>\n\n                            \n        \n                <\/a>\n\n    \n\n\n<\/div>\n<\/div><div class=\"bde-div-3985-233 bde-div\">\n  \n  \n\t\n\n\n\n<div class=\"bde-button-3985-234 bde-button\">\n        \n    \n    \n    \n    \n            \n                    \n            \n            \n\n    \n    \n    \n    \n    \n    <a class=\"breakdance-link button-atom button-atom--custom bde-button__button\" href=\"\/jakpracowacbyniezalowac\/10-sygnalow-swiadczacych-o-tym-ze-warto-pomyslec-o-zmianie\" target=\"_self\" data-type=\"url\"  >\n\n    \n        <span class=\"button-atom__text\"> <\/span>\n\n                            \n        \n                <\/a>\n\n    \n\n\n<\/div><div class=\"bde-button-3985-235 bde-button\">\n        \n    \n    \n    \n    \n            \n                    \n            \n            \n\n    \n    \n    \n    \n    \n    <a class=\"breakdance-link button-atom button-atom--custom bde-button__button\" href=\"\/jakpracowacbyniezalowac\/10-sygnalow-swiadczacych-o-tym-ze-warto-pomyslec-o-zmianie\" target=\"_self\" data-type=\"url\"  >\n\n    \n        <span class=\"button-atom__text\"> <\/span>\n\n                            \n        \n                <\/a>\n\n    \n\n\n<\/div>\n<\/div>\n<\/div><\/div><div class=\"bde-columns-3985-236 bde-columns\"><div class=\"bde-column-3985-237 bde-column\">\n  \n  \n\t\n\n\n\n<div class=\"bde-text-3985-238 bde-text\">\n03.\n<\/div><h3 class=\"bde-heading-3985-239 bde-heading\">\nCo 4 pracownik \u017ca\u0142uje, \u017ce nie prosi\u0142 o podwy\u017ck\u0119\n<\/h3><div class=\"bde-div-3985-240 bde-div\">\n  \n  \n\t\n\n\n\n<div class=\"bde-button-3985-241 bde-button\">\n        \n    \n    \n    \n    \n            \n                    \n            \n            \n\n    \n    \n    \n    \n    \n    <a class=\"breakdance-link button-atom button-atom--custom bde-button__button\" href=\"\/jakpracowacbyniezalowac\/jak-negocjowac-wyzsze-wynagrodzenie\" target=\"_self\" data-type=\"url\"  >\n\n    \n        <span class=\"button-atom__text\"> <\/span>\n\n                            \n        \n                <\/a>\n\n    \n\n\n<\/div><div class=\"bde-button-3985-242 bde-button\">\n        \n    \n    \n    \n    \n            \n                    \n            \n            \n\n    \n    \n    \n    \n    \n    <a class=\"breakdance-link button-atom button-atom--custom bde-button__button\" href=\"\/jakpracowacbyniezalowac\/jak-negocjowac-wyzsze-wynagrodzenie\" target=\"_self\" data-type=\"url\"  >\n\n    \n        <span class=\"button-atom__text\"> <\/span>\n\n                            \n        \n                <\/a>\n\n    \n\n\n<\/div>\n<\/div>\n<\/div><div class=\"bde-column-3985-243 bde-column\">\n  \n  \n\t\n\n\n\n<div class=\"bde-text-3985-244 bde-text\">\n04.\n<\/div><h3 class=\"bde-heading-3985-245 bde-heading\">\nCo 5 pracownik przyznaje, \u017ce \u017ca\u0142uje branie na siebie zbyt wielu obowi\u0105zk\u00f3w\n<\/h3><div class=\"bde-div-3985-246 bde-div\">\n  \n  \n\t\n\n\n\n<div class=\"bde-button-3985-247 bde-button\">\n        \n    \n    \n    \n    \n            \n                    \n            \n            \n\n    \n    \n    \n    \n    \n    <a class=\"breakdance-link button-atom button-atom--custom bde-button__button\" href=\"\/jakpracowacbyniezalowac\/5-typowych-bledow-przy-wyborze-kariery\" target=\"_self\" data-type=\"url\"  >\n\n    \n        <span class=\"button-atom__text\"> <\/span>\n\n                            \n        \n                <\/a>\n\n    \n\n\n<\/div><div class=\"bde-button-3985-248 bde-button\">\n        \n    \n    \n    \n    \n            \n                    \n            \n            \n\n    \n    \n    \n    \n    \n    <a class=\"breakdance-link button-atom button-atom--custom bde-button__button\" href=\"\/jakpracowacbyniezalowac\/fakty-i-mity-na-temat-work-life-balance\" target=\"_self\" data-type=\"url\"  >\n\n    \n        <span class=\"button-atom__text\"> <\/span>\n\n                            \n        \n                <\/a>\n\n    \n\n\n<\/div>\n<\/div>\n<\/div><\/div><\/div>\n<\/section><section class=\"bde-section-3985-249 bde-section\">\n              \n  \n  \n\t    \n      <div class=\"section-background-video\">\n              <video\n          autoplay\n          muted\n                      playsinline\n                                loop\n                          >\n        <source src=\"https:\/\/rocketjobs.pl\/jakpracowacbyniezalowac\/wp-content\/uploads\/2023\/05\/RJ002_4.mp4\" type=\"video\/mp4\" \/>\n      <\/video>\n      <\/div>\n\n\n\n\n<div class=\"section-container\"><div class=\"bde-div-3985-250 bde-div\">\n  \n  \n\t\n\n\n\n<div class=\"bde-text-3985-251 bde-text\">\n02.\n<\/div><h6 class=\"bde-heading-3985-252 bde-heading\">\nPos\u0142uchaj\n<\/h6>\n<\/div><a class=\"bde-container-link-3985-253 bde-container-link breakdance-link\" href=\"https:\/\/www.youtube.com\/embed\/9A_P6RBarnE?feature=oembed\" target=\"_self\" data-lightbox-id=\"3985-249\" data-type=\"lightbox\" rel=\"noopener\">\n  \n  \n\t\n\n\n\n<div class=\"bde-fancy-container-3985-254 bde-fancy-container\">\n  \n  \n\t\n\n\n\n\n<\/div>\n\n<\/a><div class=\"bde-div-3985-255 bde-div\">\n  \n  \n\t\n\n\n\n<h5 class=\"bde-heading-3985-256 bde-heading\">\nW skali od 1 do 10 jak bardzo nienawidzisz swojej pracy?\n<\/h5><div class=\"bde-button-3985-257 bde-button\">\n        \n    \n    \n    \n    \n            \n                    \n                  \n    \n            \n\n          \n          \n    \n    \n    \n    \n    <a class=\"breakdance-link button-atom button-atom--custom bde-button__button\" href=\"https:\/\/www.youtube.com\/embed\/9A_P6RBarnE?feature=oembed\" target=\"_self\" data-type=\"lightbox\" data-lightbox-id=\"3985-257\" rel=\"noopener\">\n\n    \n        <span class=\"button-atom__text\"> <\/span>\n\n                            \n        \n                <\/a>\n\n    \n\n\n<\/div>\n<\/div><\/div>\n<\/section><section class=\"bde-section-3985-258 bde-section\">\n  \n  \n\t\n\n\n\n<div class=\"section-container\"><div class=\"bde-columns-3985-259 bde-columns\"><div class=\"bde-column-3985-260 bde-column\">\n  \n  \n\t\n\n\n\n<div class=\"bde-fancy-container-3985-261 bde-fancy-container\">\n  \n  \n\t\n\n\n\n<h4 class=\"bde-heading-3985-262 bde-heading\">\nPorady\n<\/h4>\n<\/div>\n<\/div><div class=\"bde-column-3985-263 bde-column\">\n  \n  \n\t\n\n\n\n<div class=\"bde-fancy-container-3985-264 bde-fancy-container\">\n  \n  \n\t\n\n\n\n<h5 class=\"bde-heading-3985-265 bde-heading\">\nRekruterka <br>radzi\n<\/h5><div class=\"bde-text-3985-266 bde-text\">\nHania z RocketJobs.pl podpowiada, jakich argument\u00f3w warto u\u017cy\u0107 przed rozmow\u0105 o awans, na co zwr\u00f3ci\u0107 uwag\u0119 przed spotkaniem rekrutacyjnym i jak budowa\u0107 mark\u0119 osobist\u0105, by zyska\u0107 przewag\u0119 na rynku.\n<\/div><div class=\"bde-button-3985-267 bde-button\">\n        \n    \n    \n    \n    \n            \n                    \n            \n            \n\n    \n    \n    \n    \n    \n    <a class=\"breakdance-link button-atom button-atom--custom bde-button__button\" href=\"\/jakpracowacbyniezalowac\/rekruterka-radzi\" target=\"_self\" data-type=\"url\"  >\n\n    \n        <span class=\"button-atom__text\"> <\/span>\n\n                            \n        \n                <\/a>\n\n    \n\n\n<\/div>\n<\/div>\n<\/div><\/div><\/div>\n<\/section><section class=\"bde-section-3985-268 bde-section\">\n  \n  \n\t\n\n\n\n<div class=\"section-container\"><div class=\"bde-columns-3985-269 bde-columns\"><div class=\"bde-column-3985-270 bde-column\">\n  \n  \n\t\n\n\n\n<h2 class=\"bde-heading-3985-271 bde-heading\">\nPobierz bezp\u0142atny raport\n<\/h2><h1 class=\"bde-heading-3985-272 bde-heading\">\nJak pracowa\u0107, <br>by nie \u017ca\u0142owa\u0107?\n<\/h1><div class=\"bde-div-3985-273 bde-div\">\n  \n  \n\t\n\n\n\n<h1 class=\"bde-heading-3985-274 bde-heading\">\nGeneracja Z i pokolenie Y o \u017calu, satysfakcji <br>i ryzyku w pracy.\n<\/h1><a class=\"bde-container-link-3985-275 bde-container-link breakdance-link\" href=\"\/jakpracowacbyniezalowac\/raport\" target=\"_self\" data-type=\"url\">\n  \n  \n\t\n\n\n\n<div class=\"bde-fancy-container-3985-276 bde-fancy-container\">\n  \n  \n\t\n\n\n\n\n<\/div>\n\n<\/a>\n<\/div>\n<\/div><div class=\"bde-column-3985-277 bde-column\">\n  \n  \n\t\n\n\n\n<div class=\"bde-fancy-container-3985-278 bde-fancy-container\">\n  \n  \n\t\n\n\n\n\n<\/div>\n<\/div><\/div><\/div>\n<\/section><section class=\"bde-section-3985-279 bde-section\">\n              \n  \n  \n\t    \n      <div class=\"section-background-video\">\n              <video\n          autoplay\n          muted\n                      playsinline\n                                loop\n                          >\n        <source src=\"https:\/\/rocketjobs.pl\/jakpracowacbyniezalowac\/wp-content\/uploads\/2023\/05\/RJ003_4.mp4\" type=\"video\/mp4\" \/>\n      <\/video>\n      <\/div>\n\n\n\n\n<div class=\"section-container\"><div class=\"bde-div-3985-280 bde-div\">\n  \n  \n\t\n\n\n\n<div class=\"bde-text-3985-281 bde-text\">\n03.\n<\/div><h4 class=\"bde-heading-3985-282 bde-heading\">\nPos\u0142uchaj\n<\/h4>\n<\/div><a class=\"bde-container-link-3985-283 bde-container-link breakdance-link\" href=\"https:\/\/www.youtube.com\/embed\/2fjDFplhXRs?feature=oembed\" target=\"_self\" data-lightbox-id=\"3985-279\" data-type=\"lightbox\" rel=\"noopener\">\n  \n  \n\t\n\n\n\n<div class=\"bde-fancy-container-3985-284 bde-fancy-container\">\n  \n  \n\t\n\n\n\n\n<\/div>\n\n<\/a><div class=\"bde-div-3985-285 bde-div\">\n  \n  \n\t\n\n\n\n<h5 class=\"bde-heading-3985-286 bde-heading\">\nCzy jest co\u015b, czego \u017ca\u0142ujesz w swoim \u017cyciu zawodowym?\n<\/h5><div class=\"bde-button-3985-287 bde-button\">\n        \n    \n    \n    \n    \n            \n                    \n                  \n    \n            \n\n          \n          \n    \n    \n    \n    \n    <a class=\"breakdance-link button-atom button-atom--custom bde-button__button\" href=\"https:\/\/www.youtube.com\/embed\/2fjDFplhXRs?feature=oembed\" target=\"_self\" data-type=\"lightbox\" data-lightbox-id=\"3985-287\" rel=\"noopener\">\n\n    \n        <span class=\"button-atom__text\"> <\/span>\n\n                            \n        \n                <\/a>\n\n    \n\n\n<\/div>\n<\/div><\/div>\n<\/section>","protected":false},"excerpt":{"rendered":"<p>Ponad 60% Gen Z i Milenials\u00f3w \u017ca\u0142uje swoich wybor\u00f3w zawodowych Nie chcesz by\u0107 jednym\/jedn\u0105 z nich?Zobacz, jak pracowa\u0107, by nie \u017ca\u0142owa\u0107. 01. Pos\u0142uchaj Kim chcia\u0142_\u015b zosta\u0107, gdy by\u0142_\u015b dzieckiem? 01. Co 5 white collar przyznaje, \u017ce chcia\u0142by zupe\u0142nie zmieni\u0107 bran\u017c\u0119, w kt\u00f3rej pracuje 02. Prawie \u2153 pracownik\u00f3w twierdzi, \u017ce chcia\u0142aby dokona\u0107 zmiany pracy 03. Co [&hellip;]<\/p>\n","protected":false},"author":2,"featured_media":3961,"parent":0,"menu_order":0,"comment_status":"closed","ping_status":"closed","template":"","meta":{"_breakdance_hide_in_design_set":false,"_breakdance_tags":"","footnotes":""},"class_list":["post-3985","page","type-page","status-publish","has-post-thumbnail","hentry"],"_links":{"self":[{"href":"https:\/\/rocketjobs.pl\/jakpracowacbyniezalowac\/wp-json\/wp\/v2\/pages\/3985","targetHints":{"allow":["GET"]}}],"collection":[{"href":"https:\/\/rocketjobs.pl\/jakpracowacbyniezalowac\/wp-json\/wp\/v2\/pages"}],"about":[{"href":"https:\/\/rocketjobs.pl\/jakpracowacbyniezalowac\/wp-json\/wp\/v2\/types\/page"}],"author":[{"embeddable":true,"href":"https:\/\/rocketjobs.pl\/jakpracowacbyniezalowac\/wp-json\/wp\/v2\/users\/2"}],"replies":[{"embeddable":true,"href":"https:\/\/rocketjobs.pl\/jakpracowacbyniezalowac\/wp-json\/wp\/v2\/comments?post=3985"}],"version-history":[{"count":5,"href":"https:\/\/rocketjobs.pl\/jakpracowacbyniezalowac\/wp-json\/wp\/v2\/pages\/3985\/revisions"}],"predecessor-version":[{"id":6243,"href":"https:\/\/rocketjobs.pl\/jakpracowacbyniezalowac\/wp-json\/wp\/v2\/pages\/3985\/revisions\/6243"}],"wp:featuredmedia":[{"embeddable":true,"href":"https:\/\/rocketjobs.pl\/jakpracowacbyniezalowac\/wp-json\/wp\/v2\/media\/3961"}],"wp:attachment":[{"href":"https:\/\/rocketjobs.pl\/jakpracowacbyniezalowac\/wp-json\/wp\/v2\/media?parent=3985"}],"curies":[{"name":"wp","href":"https:\/\/api.w.org\/{rel}","templated":true}]}}